 prime factors of r.
2, 37
Let k = -104 - -106. Suppose k*n = -4*h + 356, 5*h + 100 = n - 113. What are the prime factors of n?
2, 47
Let p be 6 + 1 + (-1)/(-1). Suppose q - w = p, -4*w - 3 = 13. Suppose -q*d = d - 115. What are the prime factors of d?
23
Let t = 117 + 739. What are the prime factors of t?
2, 107
Let g be (-9)/(-2) + 6/12. Let b = g - 5. Let c(z) = -2*z + 7. List the prime factors of c(b).
7
Suppose -42*d = -37*d - 310. List the prime factors of d.
2, 31
Let a(d) = -36*d - 5. Suppose 4*f - 20 = 5*t, f = -4*f. Let z be a(t). Suppose 4*i = -12, -z = -4*c - 0*c + i. What are the prime factors of c?
2, 17
Let r(w) = 3*w**2 - 5*w + 15. List the prime factors of r(18).
3, 13, 23
What are the prime factors of 13 - (-4992 - (11 + -22))?
2, 11, 227
Let y(j) = j**2 + 5*j + 4. Let b be y(-6). Let f(l) = -2*l + 14. Let k(m) = m. Let q(u) = f(u) + k(u). List the prime factors of q(b).
2
Let w be 0/(-2) + -85 + (9 - 9). Let b = 97 + w. List the prime factors of b.
2, 3
Let k(h) = 40*h**2 - 11*h - 11. List the prime factors of k(-7).
2, 1013
Let a(w) = -w - 7. Let f be a(-7). Suppose -2*u + 5*u - 3 = f. What are the prime factors of 5 - -2*1/u?
7
Let t be (2 + -1)*-7*(0 - 5). Suppose -1407 = t*r - 42*r. List the prime factors of r.
3, 67
Let m = 241 + 640. What are the prime factors of m?
881
Suppose 1729 + 2347 = 2*i + 5*b, -3*i + 6119 = 5*b. What are the prime factors of i?
3, 227
Let u be 33/(-5) - (-18)/30. Let i be 14/u - 2/(-6). What are the prime factors of ((-40)/24)/(i/24)?
2, 5
Suppose -5*v - 10 - 10 = 0, 0 = -5*z + 2*v + 13. What are the prime factors of -1 - z/(2/(-312))?
5, 31
List the prime factors of ((-18)/(-51))/(-3) + (-109858)/(-34).
3, 359
Let f(i) = -9*i**3 - 11*i**2 + 6*i - 15. List the prime factors of f(-4).
19
Suppose 0 = 19*r - 45046 - 42107. List the prime factors of r.
3, 11, 139
Let r(x) = -11*x**3 - 4*x**2 - 3*x - 11. List the prime factors of r(-4).
641
List the prime factors of 2*733 + -16 + 27.
7, 211
Suppose -4*x - 5*o - 2 = 0, o + 1 = -5*x + 9. Let g be (x/(-3) - 0)*18. Let s = 0 - g. List the prime factors of s.
2, 3
Let y(d) = -d**3 - 2*d**2 + 2. Let r = 3 - 5. Let k be y(r). Suppose -k*b - b = -5*m + 157, 68 = 2*m + 4*b. List the prime factors of m.
2
Let w be ((-3060)/(-42))/(-2 - 30/(-14)). Suppose -3*q - 2*q = -w. What are the prime factors of q?
2, 3, 17
Suppose -87915 = -35*c - 7835. What are the prime factors of c?
2, 11, 13
Suppose 1346 = 6*a - 2902. Suppose 5*c = -u - 4*u + 855, a = 4*u - 2*c. List the prime factors of u.
5, 7
Suppose -7186 = -7*h + 52. What are the prime factors of h?
2, 11, 47
Let j be -1*(-2 - (-21)/12)*4. Let b(x) = 16*x + 8. What are the prime factors of b(j)?
2, 3
Let p = 714 + 1200. What are the prime factors of (-4)/6 - (p/9)/(-1)?
2, 53
Let s = -38 - -44. Suppose s*d - 2*d - 148 = 0. List the prime factors of d.
37
Let d be 48/(-18)*6/(-4). Suppose 0 = -2*l - 2*l - s + 108, 3*l + d*s = 68. List the prime factors of l.
2, 7
Suppose 113 = 2*x - 81. List the prime factors of x.
97
Let w = 141 - 85. Suppose f + 7*f = w. What are the prime factors of f?
7
Suppose -20*n + 25*n - 4715 = 0. List the prime factors of n.
23, 41
Let b be (-1)/(3 - 28/8). Suppose 0*d - b*d = -74. What are the prime factors of d?
37
Suppose 0 = 18*p - 2336 - 4702. List the prime factors of p.
17, 23
Let z(i) be the first derivative of i**3/3 + 3*i**2/2 - 4*i - 3. Let u be z(-5). Suppose -9*k + 123 = -u*k. What are the prime factors of k?
41
Let c(g) = -4*g - 3*g + 3*g + 13 + 0*g. Let n be c(7). Let z = -13 - n. What are the prime factors of z?
2
What are the prime factors of 11/(-5*1/(-5))*2?
2, 11
Let x = -684 - -4031. What are the prime factors of x?
3347
Let v = 2491 - -1602. List the prime factors of v.
4093
Let h = -39 - 4. Let u be 15/5 - (-3 + 85). Let i = h - u. What are the prime factors of i?
2, 3
Suppose -213 = -3*b - 0*b. Let v be (-6765)/(-44) - (-2)/8. Suppose -2*c + v = 4*u, -3*u - 5*c + 48 = -b. List the prime factors of u.
2, 19
Let d(h) = -2*h**2 + 13*h - 5. Let c be d(5). Suppose -5*x + 0*x + c = 0. Suppose -25 = -5*t, t = x*g + 2*g - 163. List the prime factors of g.
2, 3, 7
Suppose 4*t + 2*b = 178, 0*b - 185 = -4*t + 5*b. Suppose -14*x + 11*x = -t. What are the prime factors of x?
3, 5
Suppose -4*c - 80 = 2*d + 2*d, -5*d = 10. List the prime factors of 111/9 - 12/c.
13
Suppose -5*v + 296 = -54. What are the prime factors of v?
2, 5, 7
Let j be ((-2)/(-4))/((-3)/(-2154)). Suppose 3*x - j = -65. What are the prime factors of x?
2, 7
Let o(f) = -4*f - 38*f**3 - 15*f**2 + 10 + 37*f**3 + 2*f. Let k be o(-15). Suppose k = -m + 3*m. List the prime factors of m.
2, 5
Suppose -n - 2 = 0, 2323 = 27*b - 24*b - 2*n. List the prime factors of b.
773
Let y(c) = -c + 15. What are the prime factors of y(11)?
2
Let n = -5 + 8. Suppose 2*s + 3*q - 12 = -0*s, 5*s - 2*q - 11 = 0. List the prime factors of 0 + s - n - -41.
41
Let o = -11 + 8. What are the prime factors of (-198)/9*(-2 + o/2)?
7, 11
Suppose -1833 = -5*o + 6877. What are the prime factors of o?
2, 13, 67
Let m(f) = f**2 + f + 1. Let t be m(-2). Suppose -d + 26 = -4*b, -t*d - 5 + 13 = -2*b. Let x = 16 + b. List the prime factors of x.
3
Let l be (1 + (-2 - -1))/4. Let z(f) = -f - 8. Let s be z(l). List the prime factors of (s + 7)/((-2)/14).
7
Let j = 42 + -85. Let v = 79 + j. What are the prime factors of (4/(-3))/((-16)/v)?
3
Suppose g = -0 + 249. Suppose -4*k + k = -g. What are the prime factors of k?
83
Let f(g) = -30*g**2 - g + 424. List the prime factors of f(0).
2, 53
Suppose 6*s - 2*s - 280 = 0. What are the prime factors of s?
2, 5, 7
Let a = 563 + -26. Suppose 0*c + 5*c - a = 3*k, -3*c + 3*k = -327. Suppose -3*t - 5*q + 122 = 27, c = 2*t - 5*q. What are the prime factors of t?
2, 5
Suppose 3*n - 371 = 2*z, -3*n + 423 = -z + 50. What are the prime factors of n?
5
Let w = 1137 + 709. What are the prime factors of w?
2, 13, 71
Let d = -527 - -1147. Suppose -9*o - o + d = 0. What are the prime factors of o?
2, 31
Suppose p - 1553 + 326 = 0. List the prime factors of p.
3, 409
Let i be (-85)/(-25) + (-4)/10. Suppose 5*b + 363 = i*r + 138, 0 = -r - 2*b + 86. What are the prime factors of r?
2, 5
Suppose 0*x - 1368 = -8*x. Let d = 261 - x. List the prime factors of d.
2, 3, 5
Suppose -3*w - 68 = -2*c - 0*w, -4*c + w = -126. Suppose -i = -30 - c. List the prime factors of i.
61
Suppose 2*a + 4*p - 20 = 0, 3*p - 1 = -a + 13. Suppose -v + 245 = a*h - h, -5*v + 481 = 2*h. What are the prime factors of h?
2, 31
Suppose -5*r + 83 - 238 = -2*u, 0 = -4*u + 4*r + 328. List the prime factors of u.
5, 17
Let g(d) = d**3 + 22*d**2 - 28*d + 43. Let w be g(-23). Suppose 3*y = -3*m + 336, -411 = -5*y + 4*m + w. List the prime factors of y.
113
Let g be 1/2*(-96)/4. Let x = g + 63. List the prime factors of x.
3, 17
Suppose 3*z - 3244 = -3*p + 7*z, -5*z + 2132 = 2*p. What are the prime factors of p?
2, 269
Let f = 32 - 42. List the prime factors of -2*f/6*(20 - -1).
2, 5, 7
Let o(n) = 216*n + 193. What are the prime factors of o(4)?
7, 151
Let i(g) = g**3 + 3*g**2 + g. Let x be i(-2). Suppose -x*r = -5*b + 593, 5*r = -11*b + 7*b + 448. List the prime factors of b.
3, 13
Let a(r) = 14*r**2 + 13*r + 96. What are the prime factors of a(-6)?
2, 3, 29
Suppose 0*m = 5*m - 670. Let g = -317 - -244. Let x = m + g. What are the prime factors of x?
61
Let s(y) = y - 4. Let l be s(5). Suppose t = -l + 9. List the prime factors of t.
2
Suppose -g = b - 282, 297 = g - 0*g - 4*b. Suppose -5*u + g = -5. Let w = u + -39. What are the prime factors of w?
19
Let y = 1512 + -379. What are the prime factors of y?
11, 103
Let k(l) = -l**3 - 5*l**2 - l + 7. Let m be k(-7). Suppose -g + m + 22 = 3*j, 4*g - 536 = -5*j. What are the prime factors of g?
2, 67
Let v = 49 + -51. What are the prime factors of v/(-2) - (3 - (39 + -1))?
2, 3
Let t = -25 + 30. Suppose 20 = -4*g + t*g + 5*z, -3*g + 60 = 2*z. What are the prime factors of g?
2, 5
Let r = -118 + 68. Let w = 116 + r. List the prime factors of w.
2, 3, 11
Let q(a) = 25*a**2 - 55*a + 16. List the prime factors of q(13).
2, 41, 43
Suppose 1135*n = 1128*n + 23604. What are the prime factors of n?
2, 3, 281
Let t(m) = m**2 + 2*m + 53. Suppose 8*b + 118 = 6. List the prime factors of t(b).
13, 17
Suppose 0 = -18*b + 33